 factors of y?
2251
Let a be 48/(-32)*(-62)/(-1). Let v be (-7)/(-35) - 171/5. Let u = v - a. List the prime factors of u.
59
Let t be (-12)/10*(-20)/(-8). Let f be -31 + (-1 - 2/t)*0. Let z = f + 103. List the prime factors of z.
2, 3
Let w = 245 + -116. Let g be ((-4)/(-5))/(3/1290*-4). Let q = g + w. What are the prime factors of q?
43
Let v(s) = -2152*s**3 + 85*s**2 + 85*s. List the prime factors of v(-1).
2, 269
Suppose -17*h - 4*a - 5292 = -19*h, -3*h - 2*a + 7962 = 0. What are the prime factors of h?
2, 3, 13, 17
Suppose 2*j + 21908 = 344*f - 342*f, 10951 = f - 4*j. List the prime factors of f.
5, 7, 313
List the prime factors of (-8)/12*9/12*-5774.
2887
Let c = 12196 - 6645. What are the prime factors of c?
7, 13, 61
Suppose -3*r = 5*i - 1874, 0 = 2*i + 6*r - 8*r - 756. Let l(p) = -153*p**2 - p. Let k be l(1). Let o = k + i. List the prime factors of o.
2, 3, 37
Suppose 59*i + 3766 - 174512 = 0. List the prime factors of i.
2, 1447
Let c(i) = -59*i**3 - 54*i**2 - 11*i - 12. What are the prime factors of c(-5)?
2, 37, 41
Suppose -78*s - 97653 = 9*s - 990186. List the prime factors of s.
10259
Let g be 10/(((-54)/180)/((-6)/5)). What are the prime factors of 40/3*(1624/g - 7)?
2, 7
Let h = -338 - -332. Let j(u) = -49*u + 13. List the prime factors of j(h).
307
Suppose 2*w + 2*p - 10779 - 36077 = 0, -2*p - 2 = 0. Suppose 1316 = -13*h + w. What are the prime factors of h?
3, 7
Suppose p + 441*u - 446*u - 55455 = 0, 0 = 2*p - 2*u - 110870. List the prime factors of p.
2, 5, 23, 241
What are the prime factors of (3 - (-27)/(-6))/((-3)/552)?
2, 3, 23
Let h(j) = 18*j**2 + j - 4. Let p(r) = -3*r + 17. Let d(w) = -1. Let f(g) = d(g) + p(g). Let a be f(6). List the prime factors of h(a).
2, 3, 11
Suppose 2835*a + 1949970 = 2945*a. What are the prime factors of a?
3, 19, 311
Let k(p) = 14*p**3 - 6*p**2 - 64*p - 27. List the prime factors of k(10).
7, 17, 107
Suppose -42*y + 29005 = 11042 - 31009. What are the prime factors of y?
2, 11, 53
Let q be 280 + (-19 + 24)/(1/1). Suppose c - 10 = -3. Suppose -c*h + q = -2*h. List the prime factors of h.
3, 19
Let u(i) = -11*i**3 - 36*i**2 + 24*i - 28. Let a(w) = -5*w**3 - 18*w**2 + 12*w - 14. Let y(b) = 9*a(b) - 4*u(b). What are the prime factors of y(-19)?
7, 17
Let s(g) be the third derivative of -g**4/4 - 59*g**3/6 + g**2. Suppose 5*y = -4*h + h - 117, 0 = y - 2*h + 13. List the prime factors of s(y).
67
What are the prime factors of -941*6*9/36*(-4 + 2)?
3, 941
Let m = 29 + 13. Suppose m*l - 22*l - 8940 = 0. List the prime factors of l.
3, 149
Suppose -1679 = -28*q + 51*q. Suppose 0 = 2*y - 4*f - 382, 0 = -3*y + 5*y + 3*f - 410. Let s = y + q. List the prime factors of s.
2, 3, 7
Suppose 2*x - 574 - 144 = 0. Let r = 27 + x. List the prime factors of r.
2, 193
Let h = 43313 - 16759. List the prime factors of h.
2, 11, 17, 71
Suppose -31*p = -28*p - 3. What are the prime factors of p + (-7)/(28/(-3408))?
853
Let w be 6/9*(-351)/18. Let h(t) = 2*t**2 - 7*t - 225. List the prime factors of h(w).
2, 3, 17
Let a(p) = 26*p - 43. Let c be a(5). List the prime factors of c*-2*(-345)/138.
3, 5, 29
Let v = -263 + 2184. List the prime factors of v.
17, 113
Suppose 3*n + 62*n = 1651455. What are the prime factors of n?
3, 941
Let a(t) = -103*t + 1439. List the prime factors of a(-14).
43, 67
Let d be ((-41)/(-82))/(-1 + (-18)/(-16)). Suppose -2*n + 1277 = -3*p, p + 3*p + 2552 = d*n. What are the prime factors of n?
7, 13
Let m(l) = -46*l + 208. Let b be m(5). What are the prime factors of b/(-209) - (-5012)/38?
2, 3, 11
Let n(j) = 4*j**2 - 58*j + 373. List the prime factors of n(9).
5, 7
Let a = 105 + -103. Suppose -4*t + 142 = -a*r + 4*r, 5*t = 5*r - 310. Let v = 176 - r. What are the prime factors of v?
3, 37
Let t = -17989 - -25747. List the prime factors of t.
2, 3, 431
Let x = -558 + 453. What are the prime factors of ((-1)/3)/((x/3798)/35)?
2, 211
Let b(t) = -9*t - 4. Suppose 0 = 5*c - o + 13, c + 7 = -4*c - o. Let p be b(c). Let y = p - -8. What are the prime factors of y?
2, 11
Let a(w) = 17*w**2 - 152*w - 263. What are the prime factors of a(-27)?
2, 8117
Suppose -4*k = 40 + 1096. What are the prime factors of 3*k*(-1)/12?
71
Let n(r) = 16*r**3 + 3*r**2 - 4*r + 4. Let i = -49 - -49. Suppose i = -0*b + 4*b - 8. What are the prime factors of n(b)?
2, 17
Let c(m) = 2*m**3 - 25*m**2 - 29*m + 511. What are the prime factors of c(19)?
3, 11, 47
Let x be -12 + 17 + (-18)/(-1). Suppose -1086 = x*v - 25*v. List the prime factors of v.
3, 181
What are the prime factors of 171560/36 - (-260)/(-468)?
5, 953
Let n = 116 + -114. Suppose 15*g - 539 = 14*g + 4*k, n*g = -5*k + 1013. What are the prime factors of g?
3, 173
Suppose 0 = -5*h + 5*i + 580, -5*h + 186 = i - 388. Let n = 118 - h. List the prime factors of n/(-12) + 2026/8.
11, 23
Let l(x) = -186*x + 768. List the prime factors of l(-7).
2, 3, 5, 23
What are the prime factors of 752628/168 + 19 + (-4)/(-56)?
11, 409
What are the prime factors of (474/(-12)*11)/(4*(-5)/40)?
11, 79
Suppose 23 = 2*b + w, -4*b = b - w - 68. What are the prime factors of b + -16 + (2*30)/2?
3
Let u(x) = -84*x + 3. Let t = 1 - -10. Let m(k) = 42*k - 1. Let c(n) = t*m(n) + 6*u(n). What are the prime factors of c(-2)?
7, 13
Let c = 1395 - -5537. List the prime factors of c.
2, 1733
Suppose 5*s = 0, 1313*u + 2*s - 14387 = 1312*u. List the prime factors of u.
14387
What are the prime factors of (0 - -9712) + (0 + 11 - 9)?
2, 3, 1619
Let o(x) = x**3 + 23*x**2 + 20*x - 5. Let f = 42 + -61. What are the prime factors of o(f)?
3, 353
Let z = 71 + -65. Let v(l) = 53*l**2 + 17*l - 133. What are the prime factors of v(z)?
1877
Suppose 3*s - 37 = -5*l + 21, 0 = -5*l - 5*s + 60. Suppose 3445 = l*f + 475. Let c = f - 111. What are the prime factors of c?
3, 53
Suppose -d - 4*j + 67894 = 0, 3*d - 8*d - 5*j = -339530. What are the prime factors of d?
2, 5, 6791
Let u = -4922 + 12390. List the prime factors of u.
2, 1867
Let j be (70/8)/((-5)/(-20)). Let s = -33 + j. Suppose -s*f - 2 = -72. What are the prime factors of f?
5, 7
Suppose 1 = -t, -5*j + 75 = -3*t - 88. Let m = 35 - j. List the prime factors of ((-36)/15)/(m/(-165)).
2, 3, 11
Let f(y) be the second derivative of -13*y**3 - 303*y**2/2 - 22*y. What are the prime factors of f(-15)?
3, 17
Suppose -3*q + 4 = 1. Let m be (4 - 7 - q) + 28. List the prime factors of m/(-14)*(-616)/16.
2, 3, 11
Suppose -2*l - 721 = -4*l - h, -2*h - 10 = 0. Suppose 3*x - l - 489 = -g, -4*x + 1137 = g. List the prime factors of x.
3, 5, 19
Let o = -64 - 34. Let z = o + 329. What are the prime factors of z?
3, 7, 11
Let w = 47 - 51. Let y be (6 + 30/w)/(6/(-20)). Suppose 2*v = y*i - 3*i - 88, 5*v = -i + 74. List the prime factors of i.
7
Let q = -707 + 1036. Let i = q + -168. List the prime factors of i.
7, 23
Let a = 36422 + -10162. List the prime factors of a.
2, 5, 13, 101
Let p(o) = -o**3 - 9*o**2 - 13*o + 12. Let u be p(-7). Suppose 0 = -5*c - r + 2070 + 762, -u*c = 4*r - 2823. List the prime factors of c.
3, 7
Let h(n) = 15*n**3 - 47*n**3 + 111 - 55 - 57 - n. Let u be h(-1). Let r = u + -16. What are the prime factors of r?
2
Suppose -2*p = p + 18. Suppose -6*i = -37 + 25. List the prime factors of (-2 + -1 + p)/(i/(-6)).
3
Let q(x) = -x**3 + 13*x**2 - 21*x + 1. Let j be q(11). Let p = j - -178. What are the prime factors of p?
2, 5, 19
Let q = -404 - -42. Suppose 7*a - 897 = -2465. Let s = a - q. What are the prime factors of s?
2, 3, 23
Let r(s) = -s**2 + 23*s - 9. Suppose 4*y + 2*y - 24 = 0. Let u be 44/y + -2 + -2 + 0. List the prime factors of r(u).
103
Let v be (-86)/(-2 + 2 + (-2)/7). Let o be (0 - 3)/(12/(-8)). Suppose -5*a + 5*l = -v - 169, -o*l = 6. What are the prime factors of a?
7, 13
Let o = 425 + -423. List the prime factors of 1303 - o/(10/25).
2, 11, 59
Suppose 2*b = -3*b + 520. Let o be ((-87)/(-3))/(3/(-6)). Let g = b + o. What are the prime factors of g?
2, 23
Let z(x) = 13*x + 8. Let v be z(3). Suppose 6*b - 3*b - 7 = -2*f, -v = -4*f + 5*b. Suppose 0 = f*q - 2*q - 150. List the prime factors of q.
5
Let v(g) = 436*g + 9397. List the prime factors of v(24).
19861
Let u be 4248/5 + (-60)/100. Suppose -936 = -5*j - 3*g, -4*j = -5*g - u + 115. Suppose -2*b + 2*d = b - j, b - 51 = -3*d. What are the prime factors of b?
2, 3, 5
Suppose 3*q = -